{"id":7941,"date":"2022-11-12T17:47:57","date_gmt":"2022-11-12T17:47:57","guid":{"rendered":"https:\/\/mpci.gov.gn\/?page_id=7941"},"modified":"2022-12-07T11:20:51","modified_gmt":"2022-12-07T11:20:51","slug":"les-ministeres","status":"publish","type":"page","link":"https:\/\/mpcid.gov.gn\/index.php\/les-ministeres\/","title":{"rendered":"Les Minist\u00e8res"},"content":{"rendered":"\t\t<div data-elementor-type=\"wp-page\" data-elementor-id=\"7941\" class=\"elementor elementor-7941\" data-elementor-post-type=\"page\">\n\t\t\t\t<div class=\"elementor-element elementor-element-e316cc3 e-flex e-con-boxed e-con e-parent\" data-id=\"e316cc3\" data-element_type=\"container\" data-e-type=\"container\" data-settings=\"{&quot;background_background&quot;:&quot;classic&quot;}\">\n\t\t\t\t\t<div class=\"e-con-inner\">\n\t\t\t\t<div class=\"elementor-element elementor-element-7f40454 elementor-widget elementor-widget-heading\" data-id=\"7f40454\" data-element_type=\"widget\" data-e-type=\"widget\" data-widget_type=\"heading.default\">\n\t\t\t\t<div class=\"elementor-widget-container\">\n\t\t\t\t\t<h2 class=\"elementor-heading-title elementor-size-default\">Les Minist\u00e8res<\/h2>\t\t\t\t<\/div>\n\t\t\t\t<\/div>\n\t\t\t\t\t<\/div>\n\t\t\t\t<\/div>\n\t\t<div class=\"elementor-element elementor-element-3afc6a4 e-flex e-con-boxed e-con e-parent\" data-id=\"3afc6a4\" data-element_type=\"container\" data-e-type=\"container\" data-settings=\"{&quot;background_background&quot;:&quot;classic&quot;}\">\n\t\t\t\t\t<div class=\"e-con-inner\">\n\t\t<div class=\"elementor-element elementor-element-f99fa8c e-con-full e-flex e-con e-parent\" data-id=\"f99fa8c\" data-element_type=\"container\" data-e-type=\"container\">\n\t\t\t\t<div class=\"elementor-element elementor-element-33a914d elementor-widget elementor-widget-text-editor\" data-id=\"33a914d\" data-element_type=\"widget\" data-e-type=\"widget\" data-widget_type=\"text-editor.default\">\n\t\t\t\t<div class=\"elementor-widget-container\">\n\t\t\t\t\t\t\t\t\t<p>Minist\u00e8re de la Justice et des Droits de l\u2019Homme<\/p><p>Minist\u00e8re de la D\u00e9fense nationale<\/p><p>Minist\u00e8re de l\u2019Administration du territoire et de la D\u00e9centralisation\u00a0<\/p><p>Minist\u00e8re de la S\u00e9curit\u00e9 et de la Protection civile\u00a0<\/p><p>Minist\u00e8re des Affaires \u00e9trang\u00e8res, de la Coop\u00e9ration internationale, de l\u2019Int\u00e9gration africaine et des Guin\u00e9ens de l\u2019\u00e9tranger\u00a0<\/p><p>Minist\u00e8re de l\u2019Economie, des Finances et du Plan\u00a0<\/p><p>Minist\u00e8re du Budget\u00a0<\/p><p>Minist\u00e8re du Travail et de la Fonction publique<\/p><p>Minist\u00e8re de l\u2019Environnement et du D\u00e9veloppement Durable\u00a0<\/p><p>Minist\u00e8re de l\u2019Agriculture et de l\u2019\u00c9levage\u00a0<\/p><p>Minist\u00e8re de l\u2019Energie, de l\u2019Hydraulique et des Hydrocarbures\u00a0<\/p><p>Minist\u00e8re des Mines et de la G\u00e9ologie\u00a0<\/p><p>Minist\u00e8re des Infrastructures et des Transports\u00a0<\/p><p>\u00a0Minist\u00e8re des Postes, des T\u00e9l\u00e9communications et de l\u2019Economie num\u00e9rique\u00a0<\/p><p>Minist\u00e8re de l\u2019Urbanisme, de l\u2019Habitat et de l\u2019Am\u00e9nagement du territoire\u00a0<\/p><p>Minist\u00e8re de la P\u00eache et de l\u2019Economie maritime<\/p><p>Minist\u00e8re du Commerce, de l\u2019Industrie et des Petites et Moyennes entreprises<\/p><p>Minist\u00e8re de l\u2019Enseignement sup\u00e9rieur, de la Recherche scientifique et de l\u2019Innovation<\/p><p>Minist\u00e8re de l\u2019Enseignement pr\u00e9-universitaire et de l\u2019Alphab\u00e9tisation<\/p><p>Minist\u00e8re de l\u2019Enseignement technique et de la Formation professionnelle<\/p><p>Minist\u00e8re de la Sant\u00e9 et de l\u2019Hygi\u00e8ne publique<\/p><p>Minist\u00e8re de la Communication et de l\u2019Information\u00a0<\/p><p>Minist\u00e8re de la Jeunesse et des Sports\u00a0<\/p><p>Minist\u00e8re de la Promotion f\u00e9minine, de l\u2019Enfance et des Personnes vuln\u00e9rables<\/p><p>Minist\u00e8re de la Culture, du Tourisme et de l\u2019Artisanat<\/p><p>Secr\u00e9tariat G\u00e9n\u00e9ral du Gouvernement\u00a0<\/p><p>Secr\u00e9tariat G\u00e9n\u00e9ral aux Affaires Religieuses<\/p><p>\u00a0<\/p>\t\t\t\t\t\t\t\t<\/div>\n\t\t\t\t<\/div>\n\t\t\t\t<\/div>\n\t\t<div class=\"elementor-element elementor-element-70375b6 e-con-full e-flex e-con e-parent\" data-id=\"70375b6\" data-element_type=\"container\" data-e-type=\"container\">\n\t\t\t\t<div class=\"elementor-element elementor-element-5fe3d69 elementor-nav-menu--dropdown-tablet elementor-nav-menu__text-align-aside elementor-nav-menu--toggle elementor-nav-menu--burger elementor-widget elementor-widget-nav-menu\" data-id=\"5fe3d69\" data-element_type=\"widget\" data-e-type=\"widget\" data-settings=\"{&quot;layout&quot;:&quot;vertical&quot;,&quot;submenu_icon&quot;:{&quot;value&quot;:&quot;&lt;svg aria-hidden=\\&quot;true\\&quot; class=\\&quot;e-font-icon-svg e-fas-caret-down\\&quot; viewBox=\\&quot;0 0 320 512\\&quot; xmlns=\\&quot;http:\\\/\\\/www.w3.org\\\/2000\\\/svg\\&quot;&gt;&lt;path d=\\&quot;M31.3 192h257.3c17.8 0 26.7 21.5 14.1 34.1L174.1 354.8c-7.8 7.8-20.5 7.8-28.3 0L17.2 226.1C4.6 213.5 13.5 192 31.3 192z\\&quot;&gt;&lt;\\\/path&gt;&lt;\\\/svg&gt;&quot;,&quot;library&quot;:&quot;fa-solid&quot;},&quot;toggle&quot;:&quot;burger&quot;}\" data-widget_type=\"nav-menu.default\">\n\t\t\t\t<div class=\"elementor-widget-container\">\n\t\t\t\t\t\t\t\t<nav aria-label=\"Menu\" class=\"elementor-nav-menu--main elementor-nav-menu__container elementor-nav-menu--layout-vertical e--pointer-underline e--animation-fade\">\r\n\t\t\t\t<ul id=\"menu-1-5fe3d69\" class=\"elementor-nav-menu sm-vertical\"><li class=\"menu-item menu-item-type-post_type menu-item-object-page menu-item-7420\"><a href=\"https:\/\/mpcid.gov.gn\/index.php\/mission-et-attributions\/\" class=\"elementor-item\">Les Missions et Attributions<\/a><\/li>\n<li class=\"menu-item menu-item-type-post_type menu-item-object-page menu-item-7422\"><a href=\"https:\/\/mpcid.gov.gn\/index.php\/mot-du-ministre\/\" class=\"elementor-item\">La Ministre<\/a><\/li>\n<li class=\"menu-item menu-item-type-post_type menu-item-object-page menu-item-7426\"><a href=\"https:\/\/mpcid.gov.gn\/index.php\/ancien-ministre\/\" class=\"elementor-item\">Les Anciens ministres<\/a><\/li>\n<li class=\"menu-item menu-item-type-post_type menu-item-object-page menu-item-7428\"><a href=\"https:\/\/mpcid.gov.gn\/index.php\/organigramme\/\" class=\"elementor-item\">L\u2019Organigramme<\/a><\/li>\n<li class=\"menu-item menu-item-type-post_type menu-item-object-page menu-item-7429\"><a href=\"https:\/\/mpcid.gov.gn\/index.php\/les-directions-et-services\/\" class=\"elementor-item\">Les Directions et services<\/a><\/li>\n<\/ul>\t\t\t<\/nav>\r\n\t\t\t\t\t<div class=\"elementor-menu-toggle\" role=\"button\" tabindex=\"0\" aria-label=\"Permuter le menu\" aria-expanded=\"false\">\r\n\t\t\t<svg aria-hidden=\"true\" role=\"presentation\" class=\"elementor-menu-toggle__icon--open e-font-icon-svg e-eicon-menu-bar\" viewBox=\"0 0 1000 1000\" xmlns=\"http:\/\/www.w3.org\/2000\/svg\"><path d=\"M104 333H896C929 333 958 304 958 271S929 208 896 208H104C71 208 42 237 42 271S71 333 104 333ZM104 583H896C929 583 958 554 958 521S929 458 896 458H104C71 458 42 487 42 521S71 583 104 583ZM104 833H896C929 833 958 804 958 771S929 708 896 708H104C71 708 42 737 42 771S71 833 104 833Z\"><\/path><\/svg><svg aria-hidden=\"true\" role=\"presentation\" class=\"elementor-menu-toggle__icon--close e-font-icon-svg e-eicon-close\" viewBox=\"0 0 1000 1000\" xmlns=\"http:\/\/www.w3.org\/2000\/svg\"><path d=\"M742 167L500 408 258 167C246 154 233 150 217 150 196 150 179 158 167 167 154 179 150 196 150 212 150 229 154 242 171 254L408 500 167 742C138 771 138 800 167 829 196 858 225 858 254 829L496 587 738 829C750 842 767 846 783 846 800 846 817 842 829 829 842 817 846 804 846 783 846 767 842 750 829 737L588 500 833 258C863 229 863 200 833 171 804 137 775 137 742 167Z\"><\/path><\/svg>\t\t<\/div>\r\n\t\t\t\t\t<nav class=\"elementor-nav-menu--dropdown elementor-nav-menu__container\" aria-hidden=\"true\">\r\n\t\t\t\t<ul id=\"menu-2-5fe3d69\" class=\"elementor-nav-menu sm-vertical\"><li class=\"menu-item menu-item-type-post_type menu-item-object-page menu-item-7420\"><a href=\"https:\/\/mpcid.gov.gn\/index.php\/mission-et-attributions\/\" class=\"elementor-item\" tabindex=\"-1\">Les Missions et Attributions<\/a><\/li>\n<li class=\"menu-item menu-item-type-post_type menu-item-object-page menu-item-7422\"><a href=\"https:\/\/mpcid.gov.gn\/index.php\/mot-du-ministre\/\" class=\"elementor-item\" tabindex=\"-1\">La Ministre<\/a><\/li>\n<li class=\"menu-item menu-item-type-post_type menu-item-object-page menu-item-7426\"><a href=\"https:\/\/mpcid.gov.gn\/index.php\/ancien-ministre\/\" class=\"elementor-item\" tabindex=\"-1\">Les Anciens ministres<\/a><\/li>\n<li class=\"menu-item menu-item-type-post_type menu-item-object-page menu-item-7428\"><a href=\"https:\/\/mpcid.gov.gn\/index.php\/organigramme\/\" class=\"elementor-item\" tabindex=\"-1\">L\u2019Organigramme<\/a><\/li>\n<li class=\"menu-item menu-item-type-post_type menu-item-object-page menu-item-7429\"><a href=\"https:\/\/mpcid.gov.gn\/index.php\/les-directions-et-services\/\" class=\"elementor-item\" tabindex=\"-1\">Les Directions et services<\/a><\/li>\n<\/ul>\t\t\t<\/nav>\r\n\t\t\t\t\t\t<\/div>\n\t\t\t\t<\/div>\n\t\t\t\t<\/div>\n\t\t\t\t\t<\/div>\n\t\t\t\t<\/div>\n\t\t\t\t<\/div>\n\t\t","protected":false},"excerpt":{"rendered":"<p>Les Minist\u00e8res Minist\u00e8re de la Justice et des Droits de l\u2019Homme Minist\u00e8re de la D\u00e9fense nationale Minist\u00e8re de l\u2019Administration du territoire et de la D\u00e9centralisation\u00a0 Minist\u00e8re de la S\u00e9curit\u00e9 et de la Protection civile\u00a0 Minist\u00e8re des Affaires \u00e9trang\u00e8res, de la Coop\u00e9ration internationale, de l\u2019Int\u00e9gration africaine et des Guin\u00e9ens de l\u2019\u00e9tranger\u00a0 Minist\u00e8re de l\u2019Economie, des Finances &hellip; <a href=\"https:\/\/mpcid.gov.gn\/index.php\/les-ministeres\/\" class=\"more-link\">Continue reading<span class=\"screen-reader-text\"> \u00ab\u00a0Les Minist\u00e8res\u00a0\u00bb<\/span><\/a><\/p>\n","protected":false},"author":6,"featured_media":0,"parent":0,"menu_order":0,"comment_status":"closed","ping_status":"closed","template":"elementor_header_footer","meta":{"footnotes":""},"class_list":["post-7941","page","type-page","status-publish","hentry"],"yoast_head":"<!-- This site is optimized with the Yoast SEO plugin v27.5 - https:\/\/yoast.com\/product\/yoast-seo-wordpress\/ -->\n<title>Les Minist\u00e8res - MPCI<\/title>\n<meta name=\"robots\" content=\"index, follow, max-snippet:-1, max-image-preview:large, max-video-preview:-1\" \/>\n<link rel=\"canonical\" href=\"https:\/\/mpcid.gov.gn\/index.php\/les-ministeres\/\" \/>\n<meta property=\"og:locale\" content=\"fr_FR\" \/>\n<meta property=\"og:type\" content=\"article\" \/>\n<meta property=\"og:title\" content=\"Les Minist\u00e8res - MPCI\" \/>\n<meta property=\"og:description\" content=\"Les Minist\u00e8res Minist\u00e8re de la Justice et des Droits de l\u2019Homme Minist\u00e8re de la D\u00e9fense nationale Minist\u00e8re de l\u2019Administration du territoire et de la D\u00e9centralisation\u00a0 Minist\u00e8re de la S\u00e9curit\u00e9 et de la Protection civile\u00a0 Minist\u00e8re des Affaires \u00e9trang\u00e8res, de la Coop\u00e9ration internationale, de l\u2019Int\u00e9gration africaine et des Guin\u00e9ens de l\u2019\u00e9tranger\u00a0 Minist\u00e8re de l\u2019Economie, des Finances &hellip; Continue reading &quot;Les Minist\u00e8res&quot;\" \/>\n<meta property=\"og:url\" content=\"https:\/\/mpcid.gov.gn\/index.php\/les-ministeres\/\" \/>\n<meta property=\"og:site_name\" content=\"MPCI\" \/>\n<meta property=\"article:publisher\" content=\"https:\/\/www.facebook.com\/MPCIGN\" \/>\n<meta property=\"article:modified_time\" content=\"2022-12-07T11:20:51+00:00\" \/>\n<meta name=\"twitter:card\" content=\"summary_large_image\" \/>\n<meta name=\"twitter:site\" content=\"@MpciGov\" \/>\n<meta name=\"twitter:label1\" content=\"Dur\u00e9e de lecture estim\u00e9e\" \/>\n\t<meta name=\"twitter:data1\" content=\"1 minute\" \/>\n<script type=\"application\/ld+json\" class=\"yoast-schema-graph\">{\"@context\":\"https:\\\/\\\/schema.org\",\"@graph\":[{\"@type\":\"WebPage\",\"@id\":\"https:\\\/\\\/mpcid.gov.gn\\\/index.php\\\/les-ministeres\\\/\",\"url\":\"https:\\\/\\\/mpcid.gov.gn\\\/index.php\\\/les-ministeres\\\/\",\"name\":\"Les Minist\u00e8res - MPCI\",\"isPartOf\":{\"@id\":\"https:\\\/\\\/mpcid.gov.gn\\\/#website\"},\"datePublished\":\"2022-11-12T17:47:57+00:00\",\"dateModified\":\"2022-12-07T11:20:51+00:00\",\"breadcrumb\":{\"@id\":\"https:\\\/\\\/mpcid.gov.gn\\\/index.php\\\/les-ministeres\\\/#breadcrumb\"},\"inLanguage\":\"fr-FR\",\"potentialAction\":[{\"@type\":\"ReadAction\",\"target\":[\"https:\\\/\\\/mpcid.gov.gn\\\/index.php\\\/les-ministeres\\\/\"]}]},{\"@type\":\"BreadcrumbList\",\"@id\":\"https:\\\/\\\/mpcid.gov.gn\\\/index.php\\\/les-ministeres\\\/#breadcrumb\",\"itemListElement\":[{\"@type\":\"ListItem\",\"position\":1,\"name\":\"Accueil\",\"item\":\"https:\\\/\\\/mpcid.gov.gn\\\/\"},{\"@type\":\"ListItem\",\"position\":2,\"name\":\"Les Minist\u00e8res\"}]},{\"@type\":\"WebSite\",\"@id\":\"https:\\\/\\\/mpcid.gov.gn\\\/#website\",\"url\":\"https:\\\/\\\/mpcid.gov.gn\\\/\",\"name\":\"https:\\\/\\\/mpcid.gov.gn\\\/\",\"description\":\"Minist\u00e8re du Plan et de la Coop\u00e9ration Internationale\",\"publisher\":{\"@id\":\"https:\\\/\\\/mpcid.gov.gn\\\/#organization\"},\"potentialAction\":[{\"@type\":\"SearchAction\",\"target\":{\"@type\":\"EntryPoint\",\"urlTemplate\":\"https:\\\/\\\/mpcid.gov.gn\\\/?s={search_term_string}\"},\"query-input\":{\"@type\":\"PropertyValueSpecification\",\"valueRequired\":true,\"valueName\":\"search_term_string\"}}],\"inLanguage\":\"fr-FR\"},{\"@type\":\"Organization\",\"@id\":\"https:\\\/\\\/mpcid.gov.gn\\\/#organization\",\"name\":\"Minist\u00e8re du Plan et de la Coop\u00e9ration Internationale - MPCI\",\"url\":\"https:\\\/\\\/mpcid.gov.gn\\\/\",\"logo\":{\"@type\":\"ImageObject\",\"inLanguage\":\"fr-FR\",\"@id\":\"https:\\\/\\\/mpcid.gov.gn\\\/#\\\/schema\\\/logo\\\/image\\\/\",\"url\":\"https:\\\/\\\/mpcid.gov.gn\\\/wp-content\\\/uploads\\\/2023\\\/10\\\/Ministere-du-Plan-et-de-la-Cooperation-Internationale-MPCI.jpg\",\"contentUrl\":\"https:\\\/\\\/mpcid.gov.gn\\\/wp-content\\\/uploads\\\/2023\\\/10\\\/Ministere-du-Plan-et-de-la-Cooperation-Internationale-MPCI.jpg\",\"width\":462,\"height\":462,\"caption\":\"Minist\u00e8re du Plan et de la Coop\u00e9ration Internationale - MPCI\"},\"image\":{\"@id\":\"https:\\\/\\\/mpcid.gov.gn\\\/#\\\/schema\\\/logo\\\/image\\\/\"},\"sameAs\":[\"https:\\\/\\\/www.facebook.com\\\/MPCIGN\",\"https:\\\/\\\/x.com\\\/MpciGov\"]}]}<\/script>\n<!-- \/ Yoast SEO plugin. -->","yoast_head_json":{"title":"Les Minist\u00e8res - MPCI","robots":{"index":"index","follow":"follow","max-snippet":"max-snippet:-1","max-image-preview":"max-image-preview:large","max-video-preview":"max-video-preview:-1"},"canonical":"https:\/\/mpcid.gov.gn\/index.php\/les-ministeres\/","og_locale":"fr_FR","og_type":"article","og_title":"Les Minist\u00e8res - MPCI","og_description":"Les Minist\u00e8res Minist\u00e8re de la Justice et des Droits de l\u2019Homme Minist\u00e8re de la D\u00e9fense nationale Minist\u00e8re de l\u2019Administration du territoire et de la D\u00e9centralisation\u00a0 Minist\u00e8re de la S\u00e9curit\u00e9 et de la Protection civile\u00a0 Minist\u00e8re des Affaires \u00e9trang\u00e8res, de la Coop\u00e9ration internationale, de l\u2019Int\u00e9gration africaine et des Guin\u00e9ens de l\u2019\u00e9tranger\u00a0 Minist\u00e8re de l\u2019Economie, des Finances &hellip; Continue reading \"Les Minist\u00e8res\"","og_url":"https:\/\/mpcid.gov.gn\/index.php\/les-ministeres\/","og_site_name":"MPCI","article_publisher":"https:\/\/www.facebook.com\/MPCIGN","article_modified_time":"2022-12-07T11:20:51+00:00","twitter_card":"summary_large_image","twitter_site":"@MpciGov","twitter_misc":{"Dur\u00e9e de lecture estim\u00e9e":"1 minute"},"schema":{"@context":"https:\/\/schema.org","@graph":[{"@type":"WebPage","@id":"https:\/\/mpcid.gov.gn\/index.php\/les-ministeres\/","url":"https:\/\/mpcid.gov.gn\/index.php\/les-ministeres\/","name":"Les Minist\u00e8res - MPCI","isPartOf":{"@id":"https:\/\/mpcid.gov.gn\/#website"},"datePublished":"2022-11-12T17:47:57+00:00","dateModified":"2022-12-07T11:20:51+00:00","breadcrumb":{"@id":"https:\/\/mpcid.gov.gn\/index.php\/les-ministeres\/#breadcrumb"},"inLanguage":"fr-FR","potentialAction":[{"@type":"ReadAction","target":["https:\/\/mpcid.gov.gn\/index.php\/les-ministeres\/"]}]},{"@type":"BreadcrumbList","@id":"https:\/\/mpcid.gov.gn\/index.php\/les-ministeres\/#breadcrumb","itemListElement":[{"@type":"ListItem","position":1,"name":"Accueil","item":"https:\/\/mpcid.gov.gn\/"},{"@type":"ListItem","position":2,"name":"Les Minist\u00e8res"}]},{"@type":"WebSite","@id":"https:\/\/mpcid.gov.gn\/#website","url":"https:\/\/mpcid.gov.gn\/","name":"https:\/\/mpcid.gov.gn\/","description":"Minist\u00e8re du Plan et de la Coop\u00e9ration Internationale","publisher":{"@id":"https:\/\/mpcid.gov.gn\/#organization"},"potentialAction":[{"@type":"SearchAction","target":{"@type":"EntryPoint","urlTemplate":"https:\/\/mpcid.gov.gn\/?s={search_term_string}"},"query-input":{"@type":"PropertyValueSpecification","valueRequired":true,"valueName":"search_term_string"}}],"inLanguage":"fr-FR"},{"@type":"Organization","@id":"https:\/\/mpcid.gov.gn\/#organization","name":"Minist\u00e8re du Plan et de la Coop\u00e9ration Internationale - MPCI","url":"https:\/\/mpcid.gov.gn\/","logo":{"@type":"ImageObject","inLanguage":"fr-FR","@id":"https:\/\/mpcid.gov.gn\/#\/schema\/logo\/image\/","url":"https:\/\/mpcid.gov.gn\/wp-content\/uploads\/2023\/10\/Ministere-du-Plan-et-de-la-Cooperation-Internationale-MPCI.jpg","contentUrl":"https:\/\/mpcid.gov.gn\/wp-content\/uploads\/2023\/10\/Ministere-du-Plan-et-de-la-Cooperation-Internationale-MPCI.jpg","width":462,"height":462,"caption":"Minist\u00e8re du Plan et de la Coop\u00e9ration Internationale - MPCI"},"image":{"@id":"https:\/\/mpcid.gov.gn\/#\/schema\/logo\/image\/"},"sameAs":["https:\/\/www.facebook.com\/MPCIGN","https:\/\/x.com\/MpciGov"]}]}},"_links":{"self":[{"href":"https:\/\/mpcid.gov.gn\/index.php\/wp-json\/wp\/v2\/pages\/7941","targetHints":{"allow":["GET"]}}],"collection":[{"href":"https:\/\/mpcid.gov.gn\/index.php\/wp-json\/wp\/v2\/pages"}],"about":[{"href":"https:\/\/mpcid.gov.gn\/index.php\/wp-json\/wp\/v2\/types\/page"}],"author":[{"embeddable":true,"href":"https:\/\/mpcid.gov.gn\/index.php\/wp-json\/wp\/v2\/users\/6"}],"replies":[{"embeddable":true,"href":"https:\/\/mpcid.gov.gn\/index.php\/wp-json\/wp\/v2\/comments?post=7941"}],"version-history":[{"count":0,"href":"https:\/\/mpcid.gov.gn\/index.php\/wp-json\/wp\/v2\/pages\/7941\/revisions"}],"wp:attachment":[{"href":"https:\/\/mpcid.gov.gn\/index.php\/wp-json\/wp\/v2\/media?parent=7941"}],"curies":[{"name":"wp","href":"https:\/\/api.w.org\/{rel}","templated":true}]}}